416360?
False
Does 12 divide 8123832?
True
Does 122 divide 194778301?
False
Is 10 a factor of 574063884?
False
Does 18 divide 28661075?
False
Is 462780788 a multiple of 21?
False
Is 4591 a factor of 542525777?
False
Is 161184494 a multiple of 29?
True
Is 18 a factor of 1665190908?
True
Is 478817055 a multiple of 95?
False
Does 21 divide 196209783?
True
Does 5961 divide 403202040?
True
Is 5 a factor of 19157361?
False
Does 5455 divide 1076194520?
False
Is 2610464505 a multiple of 55?
True
Does 43 divide 239383408?
True
Does 4 divide 2013673?
False
Is 452581121 a multiple of 31?
True
Is 175 a factor of 22227955?
False
Is 54630668 a multiple of 262?
True
Is 637 a factor of 301717199?
False
Does 167 divide 2614734030?
True
Is 263174880 a multiple of 4832?
True
Does 21 divide 9877304?
False
Is 42067346 a multiple of 478?
True
Is 729082967 a multiple of 30?
False
Is 243989326 a multiple of 587?
False
Is 30 a factor of 539396430?
True
Does 2443 divide 3165428521?
False
Is 3920724 a multiple of 8?
False
Is 303 a factor of 40637148?
True
Is 46 a factor of 6166392?
True
Does 42 divide 15021426?
True
Is 2467780677 a multiple of 269?
False
Is 30164031 a multiple of 421?
False
Does 5 divide 184263082?
False
Does 77 divide 1457131010?
False
Is 34417600 a multiple of 32?
True
Is 1057685120 a multiple of 1576?
True
Does 29 divide 7358986?
False
Is 2038 a factor of 20028047?
False
Is 831679293 a multiple of 3306?
False
Does 37 divide 46434889?
True
Is 9180 a factor of 2688250222?
False
Is 647971385 a multiple of 2451?
False
Is 4441391 a multiple of 93?
False
Is 427 a factor of 129018922?
False
Is 13950279 a multiple of 7?
True
Is 439641755 a multiple of 3115?
True
Is 12 a factor of 559283673?
False
Is 53 a factor of 178808168?
False
Does 38 divide 507053950?
True
Does 7 divide 37225596?
False
Is 313 a factor of 378318433?
False
Is 1357979 a multiple of 54?
False
Is 418774079 a multiple of 76?
False
Does 5957 divide 2327974310?
False
Does 25 divide 8006250?
True
Is 13052097 a multiple of 40?
False
Is 26 a factor of 8787097?
False
Is 408422856 a multiple of 12?
True
Is 82504145 a multiple of 695?
True
Is 1420 a factor of 23786371?
False
Is 2890607657 a multiple of 17?
False
Is 324 a factor of 657785553?
False
Is 136110912 a multiple of 66?
False
Is 2540 a factor of 327291700?
True
Is 152 a factor of 13670833?
False
Is 235745167 a multiple of 19?
False
Is 17456754 a multiple of 454?
True
Is 512549 even?
False
Does 36 divide 49138200?
True
Is 32803098 a multiple of 17?
True
Does 686 divide 9652021?
False
Does 240 divide 229108261?
False
Is 213 a factor of 9252840?
False
Is 16340373 a multiple of 11?
False
Does 1088 divide 233073619?
False
Does 7 divide 564700293?
False
Does 79 divide 98860205?
True
Is 527 a factor of 451305936?
True
Is 17934730 a multiple of 91?
False
Is 214926075 a multiple of 35?
True
Does 166 divide 3612326?
True
Is 333 a factor of 612051003?
True
Is 28 a factor of 24762864?
True
Is 101 a factor of 78735863?
True
Does 34 divide 162675394?
False
Is 290717461 a multiple of 189?
False
Is 336 a factor of 27403824?
True
Is 383308955 a multiple of 155?
True
Is 2558984961 a multiple of 2733?
False
Is 604890440 a multiple of 56?
True
Does 572 divide 6660123?
False
Does 11 divide 811540?
False
Does 459 divide 47571219?
True
Does 91 divide 11802975?
False
Is 569900844 a multiple of 774?
True
Does 527 divide 64302651?
False
Does 794 divide 82178398?
False
Is 5455 a factor of 102850043?
False
Is 6 a factor of 6762452?
False
Is 64111825 a multiple of 5?
True
Does 13 divide 37374129?
True
Is 10 a factor of 321544230?
True
Is 5155 a factor of 54741005?
False
Does 48 divide 1918961?
False
Does 152 divide 50446609?
False
Does 160 divide 258705760?
True
Is 9 a factor of 1883723112?
True
Does 10101 divide 201822421?
False
Does 16 divide 27171999?
False
Is 92684675 a multiple of 3138?
False
Does 41 divide 285919979?
False
Is 121 a factor of 9976364?
False
Is 10109425 a multiple of 23?
False
Is 104 a factor of 27909852?
False
Is 17 a factor of 351340088?
True
Does 9 divide 95505365?
False
Is 6083128120 a multiple of 10?
True
Is 143697786 a multiple of 1515?
False
Is 2847755783 a multiple of 440?
False
Is 126929572 a multiple of 28?
True
Is 22 a factor of 11238275?
False
Is 43 a factor of 2083725261?
True
Is 2032093329 a multiple of 277?
True
Does 77 divide 56579404?
False
Is 13921488 a multiple of 784?
True
Does 36 divide 16353021?
False
Does 6 divide 15529249?
False
Is 149145300 a multiple of 25?
True
Does 6 divide 21143561?
False
Is 34660355 a multiple of 5?
True
Does 286 divide 6338483?
False
Is 85 a factor of 4621790?
True
Is 292461512 a multiple of 22?
False
Does 14 divide 63537922?
True
Is 17 a factor of 561220846?
False
Is 574692360 a multiple of 11?
True
Does 345 divide 121985496?
False
Is 418883330 a multiple of 134?
True
Is 286 a factor of 21025004?
True
Is 13726403 a multiple of 725?
False
Is 72 a factor of 3685117516?
False
Does 555 divide 376023045?
True
Is 638 a factor of 1505513384?
False
Does 255 divide 1971538365?
True
Does 457 divide 1219638196?
False
Is 2029275710 a multiple of 11?
True
Is 64637118 a multiple of 39?
True
Is 58 a factor of 51614622?
False
Is 4360711 a multiple of 4?
False
Is 11 a factor of 2612121809?
True
Is 6 a factor of 7556679?
False
Is 52 a factor of 61442628?
True
Is 802 a factor of 128534856?
False
Is 952 a factor of 367910872?
True
Is 17 a factor of 1040633495?
True
Does 1548 divide 186501492?
True
Does 54 divide 20084005?
False
Does 42 divide 1335812436?
True
Is 549 a factor of 53175042?
True
Is 733761 a multiple of 66?
False
Is 64 a factor of 2612176704?
True
Is 32084808 a multiple of 867?
False
Is 65332668 a multiple of 1291?
False
Is 326 a factor of 1114192333?
False
Is 3560731405 a multiple of 10637?
False
Is 7452054 a multiple of 6?
True
Does 104 divide 12624872?
True
Is 581 a factor of 6665882?
False
Does 14 divide 246033732?
True
Is 1667 a factor of 57378140?
True
Is 15 a factor of 36853401?
False
Is 1570795580 a multiple of 85?
True
Is 50452194 a multiple of 3561?
False
Does 9 divide 17218975?
False
Is 69516268 a multiple of 11?
False
Is 1345583278 a multiple of 1668?
False
Is 8 a factor of 455680?
True
Does 159 divide 15508940?
False
Does 46 divide 42615860?
False
Does 965 divide 36882139?
False
Is 157966820 a multiple of 244?
True
Is 408 a factor of 19237125?
False
Is 353036742 a multiple of 186?
True
Is 23 a factor of 1707147975?
True
Is 4689202 a multiple of 7?
True
Does 1790 divide 447106200?
True
Is 1561430312 a multiple of 628?
True
Does 17 divide 30470256?
True
Is 422939292 a multiple of 1583?
False
Is 11190572 a multiple of 1699?
False
Is 19069116 a multiple of 33?
True
Does 21 divide 3529564?
False
Is 42018983 a multiple of 3551?
True
Is 407 a factor of 1723135?
False
Is 15 a factor of 538924754?
False
Is 25223673 a multiple of 8?
False
Is 134792933 a multiple of 13?
False
Does 120 divide 21208833?
False
Is 8 a factor of 31132529?
False
Is 184926600 a multiple of 1065?
True
Is 37 a factor of 40603546?
False
Is 37 a factor of 4176841?
False
Is 44468865 a multiple of 543?
False
Is 25135716 a multiple of 6?
True
Is 3 a factor of 10993174?
False
Does 93 divide 86988480?
True
Is 324003291 a multiple of 1193?
True
Is 72 a factor of 3906576?
True
Does 13 divide 487044591?
False
Is 167 a factor of 93174644?
True
Is 28708300 a multiple of 148?
True
Does 69 divide 63129233?
False
Does 1583 divide 112326514?
True
Is 144369960 a multiple of 84?
True
Is 9 a factor of 223971039?
True
Is 3462 a factor of 2281314607?
False
Does 55 divide 2963736490?
True
Does 4593 divide 29735082?
True
Does 595 divide 2221990811?
False
Is 660976840 a multiple of 773?
True
Does 69 divide 1486709?
False
Is 379 a factor of 173599081?
False
Is 1287 a factor of 27963680?
False
Is 21557408 a multiple of 502?
False
Does 52 divide 17344464?
False
Does 35 divide 11396021?
False
Is 63 a factor of 622861218?
True
Is 17 a factor of 164179805?
False
Is 2 a factor of 55436377?
False
Is 296 a factor of 311360588?
False
Is 39305965 a multiple of 799?
False
Does 115 divide 11080365?
True
Is 6197 a factor of 891754497?
True
Is 2983904 a multiple of 32?
True
Is 20 a factor of 4461320?
True
Does 6 divide 887163596?
False
Is 77805626 a multiple of 67?
